{"id":29,"date":"2025-08-31T15:33:58","date_gmt":"2025-08-31T13:33:58","guid":{"rendered":"https:\/\/www.waxoxato.cyon.site\/devadernegi\/?page_id=29"},"modified":"2025-08-31T16:21:13","modified_gmt":"2025-08-31T14:21:13","slug":"etkinlikler","status":"publish","type":"page","link":"https:\/\/www.waxoxato.cyon.site\/devadernegi\/etkinlikler\/","title":{"rendered":"Etkinlikler"},"content":{"rendered":"\n<h2 class=\"wp-block-heading is-style-default has-x-large-font-size\"><strong>Turnuvalar\u0131m\u0131z<\/strong><\/h2>\n\n\n\n<ul class=\"wp-block-list\">\n<li class=\"has-large-font-size\">13.11.2011 Van\u2019na Play Football?! \u2013\u00a0<strong>T\u00fcrkiye K\u0131z\u0131lay Derne\u011fi<\/strong><\/li>\n\n\n\n<li class=\"has-large-font-size\">28.10.2012 Mehmet Karde\u0219in \u2013\u00a0<strong>Vatan Senin Mehmetcik Vakf\u0131<\/strong><\/li>\n\n\n\n<li class=\"has-large-font-size\">09.11.2013 Lets play football against cancer! \u2013\u00a0<strong>L\u00f6sev &amp; Krebsliga<\/strong><\/li>\n\n\n\n<li class=\"has-large-font-size\">26.10.2014 Futbol ile engelleri a\u015fal\u0131m \u2013\u00a0<strong>TESYEV<\/strong><\/li>\n\n\n\n<li class=\"has-large-font-size\">01.11.2015 Kimsesiz de\u011filsiniz \u2013\u00a0<strong>Kimsesiz \u00e7ocuklar yarar\u0131na<\/strong><\/li>\n\n\n\n<li class=\"has-large-font-size\">13.11.2016 Deva bir can\u2019a bin umut oluyor \u2013\u00a0<strong>Bir Can Bin Umut Derne\u011fi<\/strong><\/li>\n\n\n\n<li class=\"has-large-font-size\">12.11.2017 Hayaller ger\u00e7ekle\u015fmeye DEVA\u2019m ediyor Hayaller Ger\u00e7ek olsa \u2013\u00a0<strong>Kelebek \u00e7ocuklar\u0131<\/strong><\/li>\n\n\n\n<li class=\"has-large-font-size\">11.11.2018 Dertlere DEVA ol, yar\u0131nlar\u0131 ayd\u0131nlat \u2013\u00a0<strong>Yar\u0131n\u0131 Ayd\u0131nlat<\/strong><\/li>\n\n\n\n<li class=\"has-large-font-size\">16.11.2019 \u00dc\u015f\u00fcmeden at\u0131ls\u0131n DEVAsa ad\u0131mlar \u2013\u00a0<strong>Yar\u0131n\u0131 Ayd\u0131nlat<\/strong><\/li>\n\n\n\n<li class=\"has-large-font-size\">12.11.2022 Hayat DEVA ile renkleniyor \u2013\u00a0<strong>Hayata Renk Ver\u00a0<\/strong>ve\u00a0<strong>Theodora Sevgi Doktorlar\u0131<\/strong><\/li>\n\n\n\n<li class=\"has-large-font-size\">11.11.2023 Her \u015eut bir fark\u0131ndal\u0131k \u2013\u00a0<strong>Yakamoz Otizm Spor Kul\u00fcb\u00fc<\/strong>\u00a0ve\u00a0<strong>Tohum Otizm<\/strong><\/li>\n<\/ul>\n\n\n\n<h3 class=\"wp-block-heading has-x-large-font-size\"><strong>Gezilerimiz<\/strong><\/h3>\n\n\n\n<p class=\"has-large-font-size\">17.-23.04.2025\u00a0<strong>G\u00fcney Do\u011fu B\u00f6lgesi K\u00fclt\u00fcr Gezisi<\/strong><\/p>\n\n\n\n<p class=\"has-large-font-size\">17.-22.04.2014\u00a0<strong>G\u00fcney Do\u011fu B\u00f6lgesi K\u00fclt\u00fcr Gezisi<\/strong><\/p>\n\n\n\n<p class=\"has-large-font-size\">21.-25.05.2015\u00a0<strong>Konya, Kapadokya, Ankara Turu<\/strong><\/p>\n\n\n\n<p class=\"has-large-font-size\">04.-09.05.2016\u00a0<strong>Karadeniz Turu<\/strong><\/p>\n\n\n\n<p class=\"has-large-font-size\">13.-19.04.2017\u00a0<strong>\u00c7anakkale ve Kuzey Ege Turu<\/strong><\/p>\n\n\n\n<h3 class=\"wp-block-heading is-style-default has-x-large-font-size\"><strong>Geceler<\/strong><\/h3>\n\n\n\n<ul class=\"wp-block-list\">\n<li class=\"has-large-font-size\">15.06.2013\u00a0<strong>S\u00fcmer Ezg\u00fc Mehmetcik Vakf\u0131 Konseri<\/strong><\/li>\n\n\n\n<li class=\"has-large-font-size\">24.05.2014\u00a0<strong>Turkish Rock Night Soma yarar\u0131na<\/strong><\/li>\n<\/ul>\n\n\n\n<h3 class=\"wp-block-heading is-style-default has-x-large-font-size\"><strong>\u0130ftar yemekleri<\/strong><\/h3>\n\n\n\n<ul class=\"wp-block-list\">\n<li class=\"has-large-font-size\">03.06.2018\u00a0<strong>Deva \u0130ftar Bir Can Bin Umut<\/strong> <strong>Derne\u011fi<\/strong><\/li>\n\n\n\n<li class=\"has-large-font-size\">11.05.2019\u00a0<strong>Deva \u0130ftar Kelebek \u00c7ocuklar Derne\u011fi<\/strong><\/li>\n\n\n\n<li class=\"has-large-font-size\">09.04.2022\u00a0<strong>Deva \u0130ftar Kelebek \u00c7ocuklar Derne\u011fi<\/strong><\/li>\n\n\n\n<li class=\"has-large-font-size\">01.04.2023\u00a0<strong>Deva \u0130ftar Kelebek \u00c7ocuklar Derne\u011fi<\/strong><\/li>\n\n\n\n<li class=\"has-large-font-size\">16.03.2024\u00a0<strong>Deva \u0130ftar<\/strong>\u00a0<strong>Deluxe Wedding \u2013 Deva Derne\u011fi ad\u0131na<\/strong><\/li>\n\n\n\n<li class=\"has-large-font-size\">15.03.2025\u00a0<strong>Deva \u0130ftar<\/strong>\u00a0<strong>Deluxe Wedding \u2013 Deva Derne\u011fi ad\u0131na<\/strong><\/li>\n<\/ul>\n\n\n\n<h3 class=\"wp-block-heading is-style-default has-x-large-font-size\"><strong>\u0130yilik Y\u00fcr\u00fcy\u00fc\u015f\u00fc<\/strong><\/h3>\n\n\n\n<ul class=\"wp-block-list\">\n<li class=\"has-large-font-size\">25.10.2020 \u2013 31.10.2020\u00a0<strong>All over the world<\/strong><\/li>\n\n\n\n<li class=\"has-large-font-size\">23.05.2021 \u2013 30.05.2021\u00a0<strong>All over the world<\/strong><\/li>\n<\/ul>\n","protected":false},"excerpt":{"rendered":"<p>Turnuvalar\u0131m\u0131z Gezilerimiz 17.-23.04.2025\u00a0G\u00fcney Do\u011fu B\u00f6lgesi K\u00fclt\u00fcr Gezisi 17.-22.04.2014\u00a0G\u00fcney Do\u011fu B\u00f6lgesi K\u00fclt\u00fcr Gezisi 21.-25.05.2015\u00a0Konya, Kapadokya, Ankara Turu 04.-09.05.2016\u00a0Karadeniz Turu 13.-19.04.2017\u00a0\u00c7anakkale ve Kuzey Ege Turu Geceler \u0130ftar yemekleri \u0130yilik Y\u00fcr\u00fcy\u00fc\u015f\u00fc<\/p>\n","protected":false},"author":1,"featured_media":0,"parent":0,"menu_order":0,"comment_status":"closed","ping_status":"closed","template":"","meta":{"pagelayer_contact_templates":[],"_pagelayer_content":"","footnotes":""},"class_list":["post-29","page","type-page","status-publish","hentry"],"_links":{"self":[{"href":"https:\/\/www.waxoxato.cyon.site\/devadernegi\/wp-json\/wp\/v2\/pages\/29","targetHints":{"allow":["GET"]}}],"collection":[{"href":"https:\/\/www.waxoxato.cyon.site\/devadernegi\/wp-json\/wp\/v2\/pages"}],"about":[{"href":"https:\/\/www.waxoxato.cyon.site\/devadernegi\/wp-json\/wp\/v2\/types\/page"}],"author":[{"embeddable":true,"href":"https:\/\/www.waxoxato.cyon.site\/devadernegi\/wp-json\/wp\/v2\/users\/1"}],"replies":[{"embeddable":true,"href":"https:\/\/www.waxoxato.cyon.site\/devadernegi\/wp-json\/wp\/v2\/comments?post=29"}],"version-history":[{"count":3,"href":"https:\/\/www.waxoxato.cyon.site\/devadernegi\/wp-json\/wp\/v2\/pages\/29\/revisions"}],"predecessor-version":[{"id":34,"href":"https:\/\/www.waxoxato.cyon.site\/devadernegi\/wp-json\/wp\/v2\/pages\/29\/revisions\/34"}],"wp:attachment":[{"href":"https:\/\/www.waxoxato.cyon.site\/devadernegi\/wp-json\/wp\/v2\/media?parent=29"}],"curies":[{"name":"wp","href":"https:\/\/api.w.org\/{rel}","templated":true}]}}